
In base 16, what is -2e2a + -3?
-2e2d
In base 13, what is 0 - -5a5?
5a5
In base 8, what is -2576 + 2?
-2574
In base 7, what is 1 - 1?
0
In base 7, what is -61 + 23?
-35
In base 16, what is -33 - -3?
-30
In base 2, what is 100 + -100110001111?
-100110001011
In base 8, what is 12 - -21?
33
In base 11, what is -2 - 10?
-12
In base 14, what is 5 + 281?
286
In base 12, what is 1b + -4?
17
In base 8, what is -152 - -3?
-147
In base 5, what is -24000 + 1?
-23444
In base 11, what is 4 - -1a?
23
In base 9, what is -41 + -6?
-47
In base 12, what is 455 - 5?
450
In base 16, what is 138e - 5?
1389
In base 10, what is 1054 + 5?
1059
In base 14, what is 1 - 335?
-334
In base 4, what is -1331231 - 0?
-1331231
In base 7, what is -2 - -2124?
2122
In base 7, what is 0 + -151?
-151
In base 12, what is 478 - -3?
47b
In base 16, what is -2a9 - 15?
-2be
In base 15, what is -5a6 + 1?
-5a5
In base 6, what is -5 + 44?
35
In base 5, what is -2 - -244?
242
In base 4, what is 1022 - 3?
1013
In base 4, what is 1 - 2202?
-2201
In base 3, what is -12 - -1011?
222
In base 16, what is 60 - -44?
a4
In base 14, what is 1d + 9?
28
In base 13, what is 87 + -1?
86
In base 5, what is -242 + 231?
-11
In base 11, what is 0 + -64?
-64
In base 13, what is 64 + 9?
70
In base 8, what is -476 + 4?
-472
In base 7, what is 1143 - 0?
1143
In base 5, what is 10 + -3440?
-3430
In base 4, what is -1010 + 10?
-1000
In base 13, what is -725 - -1?
-724
In base 12, what is -3 - -9?
6
In base 10, what is -63 + -26?
-89
In base 3, what is 1020122 + 2?
1020201
In base 4, what is 2 + -23?
-21
In base 2, what is -1 + 1011?
1010
In base 9, what is 3 - -1206?
1210
In base 9, what is -67 - 0?
-67
In base 9, what is -1 - -625?
624
In base 15, what is 5 + 6?
b
In base 7, what is -2351 - 1?
-2352
In base 14, what is 31 + 23?
54
In base 14, what is 5 - -32?
37
In base 9, what is 1 + 726?
727
In base 12, what is 448 + -a?
43a
In base 11, what is 41a - 4?
416
In base 9, what is 1 + -42?
-41
In base 9, what is -2038 + 10?
-2028
In base 10, what is -36 - 7?
-43
In base 3, what is -122 - -220?
21
In base 14, what is -3b7 + -1?
-3b8
In base 15, what is -3 + 1048?
1045
In base 6, what is -20 + 25?
5
In base 10, what is 5 - -89?
94
In base 3, what is 11110200 + -21?
11110102
In base 8, what is 6 - 1215?
-1207
In base 8, what is -2 + 23?
21
In base 3, what is 0 - 122121?
-122121
In base 16, what is -4e + -18?
-66
In base 10, what is -784 - 4?
-788
In base 13, what is -3 - 26?
-29
In base 9, what is 438 - -2?
441
In base 16, what is -6 - 532?
-538
In base 5, what is -100242 - 1?
-100243
In base 5, what is 43 + 1014?
1112
In base 11, what is -3 + 48a?
487
In base 9, what is 166 - 0?
166
In base 13, what is 4 + -410?
-409
In base 8, what is -651 + -4?
-655
In base 15, what is -d + 4?
-9
In base 16, what is 1 - -7?
8
In base 3, what is -10001 - -1?
-10000
In base 8, what is 104 + 7?
113
In base 13, what is -3 - -27?
24
In base 13, what is -5 + 89a?
895
In base 7, what is 12425 + 5?
12433
In base 6, what is -2 + 1004?
1002
In base 12, what is -1157 - -4?
-1153
In base 10, what is -3 + -3297?
-3300
In base 14, what is 2 + 9?
b
In base 13, what is -1421 + -2?
-1423
In base 4, what is -1010230 - -11?
-1010213
In base 3, what is -1 - -10021?
10020
In base 3, what is -2 - -1212?
1210
In base 7, what is 2 - 302?
-300
In base 7, what is -3465 - 20?
-3515
In base 2, what is 11011000000 - 100?
11010111100
In base 10, what is -510 - 0?
-510
In base 5, what is 142 + -12?
130
In base 14, what is -2c + -292?
-2c0
In base 7, what is 225060 - 5?
225052
In base 7, what is -100 - 2?
-102
In base 11, what is 2 + -34?
-32
In base 12, what is -231 + 5?
-228
In base 9, what is -5 + -111?
-116
In base 7, what is 2 - -3?
5
In base 16, what is -2c - 25?
-51
In base 14, what is 15c - 4?
158
In base 6, what is -2 + -12?
-14
In base 2, what is -100 - 11000010?
-11000110
In base 6, what is -3 + -205?
-212
In base 2, what is -11 - 10000101?
-10001000
In base 15, what is 707 + -2?
705
In base 5, what is 20 - -313?
333
In base 16, what is 1d - 21?
-4
In base 6, what is -3123 - 10?
-3133
In base 13, what is -231b - 5?
-2323
In base 12, what is 1530 - -5?
1535
In base 10, what is -779 + -16?
-795
In base 5, what is -22421 - -2?
-22414
In base 15, what is -3 - d0?
-d3
In base 6, what is 102 - 5?
53
In base 6, what is -2 - 14222?
-14224
In base 6, what is 15 - -411?
430
In base 7, what is -5 - 110?
-115
In base 11, what is 26 + 2?
28
In base 15, what is -2 - -38?
36
In base 6, what is -2 + -2033?
-2035
In base 15, what is -39 - b?
-45
In base 3, what is -12021 - -11?
-12010
In base 6, what is 1 + -2422?
-2421
In base 11, what is 5 - 15?
-10
In base 6, what is -3 - 1320?
-1323
In base 9, what is 2540 - 0?
2540
In base 16, what is -66 + -2?
-68
In base 10, what is 2 + -1735?
-1733
In base 6, what is -211 + 150?
-21
In base 9, what is -31 - -28?
-2
In base 3, what is -122110 - 21?
-122201
In base 4, what is 33303 - 10?
33233
In base 8, what is 166 + 2?
170
In base 2, what is 1101100001101 - 0?
1101100001101
In base 4, what is 10 + 1211320?
1211330
In base 2, what is -11100000 - -1?
-11011111
In base 6, what is -35 - 155?
-234
In base 7, what is 5 + 24150?
24155
In base 10, what is 1 - 142?
-141
In base 13, what is 65a5 + -3?
65a2
In base 14, what is -a - 4b?
-57
In base 3, what is 2 - -12222?
20001
In base 3, what is -21002011 - -2?
-21002002
In base 8, what is -51 - 17?
-70
In base 16, what is 29 + 75?
9e
In base 9, what is 34 - -10?
44
In base 10, what is -75 - -3?
-72
In base 15, what is -2 - 643?
-645
In base 9, what is 1 - 6?
-5
In base 15, what is 4 + 77?
7b
In base 3, what is -2101 + 1?
-2100
In base 14, what is 30 + 4?
34
In base 14, what is -15 + -3?
-18
In base 16, what is 12 - -3d8?
3ea
In base 7, what is 3206 - 4?
3202
In base 8, what is 312 + -5?
305
In base 15, what is -be + 5?
-b9
In base 16, what is -3d62 + 3?
-3d5f
In base 5, what is -124 + 2032?
1403
In base 15, what is 3 - -6b?
6e
In base 11, what is a34 + -3?
a31
In base 15, what is -529 + 0?
-529
In base 6, what is 1121 + -24?
1053
In base 12, what is a4 + -12?
92
In base 2, what is -10 + 110?
100
In base 12, what is -3 - 52?
-55
In base 2, what is -100 + -1001100101?
-1001101001
In base 4, what is -221 + -1?
-222
In base 11, what is -6 + 561?
556
In base 11, what is 7 - -246?
252
In base 13, what is b - 139?
-12b
In base 15, what is -db - 7?
-e3
In base 5, what is 1 + -24111?
-24110
In base 8, what is -26416 - 2?
-26420
In base 7, what is 16565 + 0?
16565
In base 9, what is 613 - -3?
616
In base 12, what is 89a8 + 2?
89aa
In base 9, what is 476 + -8?
467
In base 11, what is 11 + -4?
8
In base 2, what is 11000 + 1000?
100000
In base 14, what is b - 7?
4
In base 2, what is 11111010 - 1?
11111001
In base 13, what is a3 + 14?
b7
In base 16, what is -5 + bd?
b8
In base 10, what is 1 + 2?
3
In base 13, what is -1c9 + 5?
-1c4
In base 4, what is -31300 + -10?
-31310
In base 13, what is b8 + 8?
c3
In base 12, what is 8125 + 0?
8125
In base 14, what is -5 + 2a1?
29a
In base 2, what is -1000010 + 100?
-111110
In base 16, what is 15 - 7?
e
In base 10, what is 26 + -4?
22
In base 12, what is -5 + 2a15?
2a10
In base 10, what is 5 + 433?
438
In base 13, what is -5 - 2b?
-33
In base 16, what is 5fe - -3?
601
In base 10, what is 6 - 88?
-82
In base 13, what is 65 + -2?
63
In base 9, what is 21 + -74?
-53
In base 15, what is -b - 25?
-31
In base 9, what is 582 - -4?
586
In base 14, what is -667 + 0?
-667
In base 8, what is 76 - -710?
1006
In base 13, what is -15 + -102?
-117
In base 10, what is -5 + -5640?
-5645
In base 4, what is 102311 + -102?
102203
In base 2, what is 111000011 - 11?
111000000
In base 13, what is -5 + -3a?
-42
In base 10, what is -411 + -2?
-413
In base 13, what is 0 - 215?
-215
In base 7, what is 10 + 25?
35
In base 9, what is 162 - -4?
166
In base 10, what is -9 + 41?
32
In base 2, what is 10110110110 + 100?
10110111010
In base 2, what is 1111001100 + 11?
1111001111
In base 2, what is -1111101 - -11000?
-1100101
In base 12, what is 94 + -a?
86
In base 11, what is -508 + 11?
-4a7
In base 11, what is -1699 + 4?
-1695
In base 2, what is -111111101011 - -11?
-111111101000
In base 9, what is 52 + -2?
50
In base 5, what is 0 - -2434?
2434
In base 3, what is -1202 + -220?
-2122
In base 